divided by 376.
364
Calculate the remainder when 6441 is divided by 920.
1
Calculate the remainder when 662 is divided by 6.
2
What is the remainder when 81 is divided by 17?
13
Calculate the remainder when 47 is divided by 34.
13
What is the remainder when 2332 is divided by 1155?
22
Calculate the remainder when 718 is divided by 134.
48
What is the remainder when 2172 is divided by 361?
6
What is the remainder when 299 is divided by 49?
5
Calculate the remainder when 96 is divided by 54.
42
Calculate the remainder when 906 is divided by 91.
87
What is the remainder when 3137 is divided by 50?
37
Calculate the remainder when 2081 is divided by 678.
47
Calculate the remainder when 288 is divided by 19.
3
Calculate the remainder when 406 is divided by 59.
52
Calculate the remainder when 490 is divided by 29.
26
What is the remainder when 16 is divided by 8?
0
What is the remainder when 175 is divided by 13?
6
Calculate the remainder when 149 is divided by 9.
5
Calculate the remainder when 1390 is divided by 82.
78
Calculate the remainder when 83 is divided by 22.
17
Calculate the remainder when 31 is divided by 4.
3
Calculate the remainder when 29 is divided by 6.
5
Calculate the remainder when 583 is divided by 84.
79
What is the remainder when 20 is divided by 10?
0
Calculate the remainder when 600 is divided by 197.
9
Calculate the remainder when 272 is divided by 103.
66
Calculate the remainder when 246 is divided by 45.
21
Calculate the remainder when 513 is divided by 43.
40
Calculate the remainder when 285 is divided by 68.
13
What is the remainder when 479 is divided by 68?
3
Calculate the remainder when 1747 is divided by 38.
37
What is the remainder when 99 is divided by 20?
19
What is the remainder when 428 is divided by 188?
52
Calculate the remainder when 1069 is divided by 21.
19
Calculate the remainder when 6530 is divided by 242.
238
What is the remainder when 545 is divided by 22?
17
What is the remainder when 1114 is divided by 12?
10
Calculate the remainder when 632 is divided by 178.
98
What is the remainder when 25 is divided by 4?
1
Calculate the remainder when 109 is divided by 33.
10
What is the remainder when 818 is divided by 272?
2
Calculate the remainder when 818 is divided by 297.
224
Calculate the remainder when 89 is divided by 5.
4
Calculate the remainder when 85 is divided by 23.
16
What is the remainder when 173 is divided by 8?
5
Calculate the remainder when 266 is divided by 130.
6
What is the remainder when 239 is divided by 234?
5
Calculate the remainder when 138 is divided by 41.
15
Calculate the remainder when 214 is divided by 44.
38
Calculate the remainder when 78 is divided by 18.
6
What is the remainder when 4101 is divided by 12?
9
Calculate the remainder when 3263 is divided by 1619.
25
What is the remainder when 3339 is divided by 5?
4
Calculate the remainder when 275 is divided by 138.
137
Calculate the remainder when 18995 is divided by 161.
158
Calculate the remainder when 692 is divided by 142.
124
What is the remainder when 28703 is divided by 23?
22
Calculate the remainder when 636 is divided by 292.
52
What is the remainder when 1678 is divided by 60?
58
Calculate the remainder when 164 is divided by 19.
12
Calculate the remainder when 171 is divided by 18.
9
Calculate the remainder when 16928 is divided by 5640.
8
Calculate the remainder when 3587 is divided by 26.
25
What is the remainder when 36 is divided by 16?
4
What is the remainder when 796 is divided by 94?
44
Calculate the remainder when 556 is divided by 541.
15
Calculate the remainder when 157 is divided by 30.
7
Calculate the remainder when 332 is divided by 83.
0
What is the remainder when 96 is divided by 33?
30
What is the remainder when 1348 is divided by 67?
8
Calculate the remainder when 894 is divided by 7.
5
Calculate the remainder when 510 is divided by 72.
6
Calculate the remainder when 28 is divided by 27.
1
Calculate the remainder when 235 is divided by 98.
39
What is the remainder when 987 is divided by 52?
51
Calculate the remainder when 1012 is divided by 6.
4
What is the remainder when 694 is divided by 141?
130
Calculate the remainder when 1675 is divided by 39.
37
What is the remainder when 287 is divided by 32?
31
Calculate the remainder when 1875 is divided by 398.
283
What is the remainder when 175 is divided by 72?
31
Calculate the remainder when 97 is divided by 9.
7
Calculate the remainder when 13 is divided by 12.
1
Calculate the remainder when 1182 is divided by 296.
294
What is the remainder when 78 is divided by 5?
3
What is the remainder when 491 is divided by 41?
40
Calculate the remainder when 109 is divided by 28.
25
Calculate the remainder when 2961 is divided by 35.
21
Calculate the remainder when 125 is divided by 38.
11
What is the remainder when 350 is divided by 53?
32
What is the remainder when 615 is divided by 157?
144
Calculate the remainder when 576 is divided by 374.
202
Calculate the remainder when 11 is divided by 8.
3
What is the remainder when 571 is divided by 52?
51
What is the remainder when 527 is divided by 22?
21
What is the remainder when 239 is divided by 117?
5
Calculate the remainder when 72 is divided by 46.
26
What is the remainder when 35 is divided by 6?
5
What is the remainder when 185 is divided by 11?
9
Calculate the remainder when 663 is divided by 134.
127
What is the remainder when 372 is divided by 75?
72
What is the remainder when 994 is divided by 125?
119
Calculate the remainder when 1570 is divided by 25.
20
Calculate the remainder when 736 is divided by 12.
4
Calculate the remainder when 507 is divided by 85.
82
What is the remainder when 993 is divided by 83?
80
Calculate the remainder when 660 is divided by 50.
10
Calculate the remainder when 794 is divided by 81.
65
Calculate the remainder when 1570 is divided by 72.
58
What is the remainder when 87 is divided by 6?
3
What is the remainder when 171 is divided by 25?
21
What is the remainder when 9176 is divided by 12?
8
What is the remainder when 4352 is divided by 6?
2
What is the remainder when 203 is divided by 56?
35
Calculate the remainder when 488 is divided by 35.
33
Calculate the remainder when 210 is divided by 44.
34
Calculate the remainder when 849 is divided by 282.
3
What is the remainder when 61 is divided by 35?
26
Calculate the remainder when 266 is divided by 15.
11
Calculate the remainder when 3475 is divided by 29.
24
What is the remainder when 87 is divided by 57?
30
What is the remainder when 2793 is divided by 46?
33
What is the remainder when 4451 is divided by 92?
35
What is the remainder when 941 is divided by 98?
59
What is the remainder when 307 is divided by 10?
7
What is the remainder when 41532 is divided by 176?
172
What is the remainder when 390 is divided by 98?
96
Calculate the remainder when 270 is divided by 55.
50
What is the remainder when 3247 is divided by 116?
115
Calculate the remainder when 208 is divided by 14.
12
Calculate the remainder when 647 is divided by 36.
35
Calculate the remainder when 291 is divided by 135.
21
Calculate the remainder when 90 is divided by 49.
41
What is the remainder when 1559 is divided by 156?
155
Calculate the remainder when 529 is divided by 89.
84
Calculate the remainder when 1034 is divided by 44.
22
Calculate the remainder when 9777 is divided by 20.
17
Calculate the remainder when 53 is divided by 23.
7
What is the remainder when 235 is divided by 5?
0
What is the remainder when 24 is divided by 6?
0
Calculate the remainder when 82 is divided by 4.
2
What is the remainder when 855 is divided by 62?
49
Calculate the remainder when 1195 is divided by 46.
45
Calculate the remainder when 672 is divided by 20.
12
Calculate the remainder when 93 is divided by 20.
13
What is the remainder when 25090 is divided by 17?
15
Calculate the remainder when 1068 is divided by 7.
4
Calculate the remainder when 3767 is divided by 26.
23
Calculate the remainder when 256 is divided by 63.
4
Calculate the remainder when 107 is divided by 33.
8
Calculate the remainder when 1231 is divided by 122.
11
What is the remainder when 5130 is divided by 9?
0
What is the remainder when 436 is divided by 13?
7
Calculate the remainder when 725 is divide